{"id":491,"date":"2025-03-22T10:22:50","date_gmt":"2025-03-22T10:22:50","guid":{"rendered":"https:\/\/evadelasal.cat\/?page_id=491"},"modified":"2025-03-22T17:33:21","modified_gmt":"2025-03-22T17:33:21","slug":"subscriu","status":"publish","type":"page","link":"https:\/\/evadelasal.cat\/index.php\/subscriu\/","title":{"rendered":"Subscriu-t&#8217;hi"},"content":{"rendered":"<script>(function() {\n\twindow.mc4wp = window.mc4wp || {\n\t\tlisteners: [],\n\t\tforms: {\n\t\t\ton: function(evt, cb) {\n\t\t\t\twindow.mc4wp.listeners.push(\n\t\t\t\t\t{\n\t\t\t\t\t\tevent   : evt,\n\t\t\t\t\t\tcallback: cb\n\t\t\t\t\t}\n\t\t\t\t);\n\t\t\t}\n\t\t}\n\t}\n})();\n<\/script><!-- Mailchimp for WordPress v4.12.0 - https:\/\/wordpress.org\/plugins\/mailchimp-for-wp\/ --><form id=\"mc4wp-form-1\" class=\"mc4wp-form mc4wp-form-516\" method=\"post\" data-id=\"516\" data-name=\"Subscriu-te\" ><div class=\"mc4wp-form-fields\"><p>\r\nSi vols rebre un xiulit (forma pallaresa per a <i>xiulet<\/i>) cada vegada que publiqui un apunt nou, deixa'ns les teves dades i rebr\u00e0s una notificaci\u00f3 per correu electr\u00f2nic.<br>\r\n  Quan et subscriguis, \u00e9s important que validis la subscripci\u00f3 clicant a <i>S\u00ed, subscriu-m'hi<\/i> en el missatge que rebr\u00e0s al teu correu. Sense aquesta confirmaci\u00f3 no rebr\u00e0s notificacions.<br>\r\nL'acceptaci\u00f3 de notificacions no \u00e9s per a sempre. En cada notificaci\u00f3 se t'oferir\u00e0 l'opci\u00f3 de cancel\u00b7lar la subscripci\u00f3, per si te'n canses.\r\n<\/p>\r\n<p>\r\n\t<label for=\"email\">Adre\u00e7a electr\u00f2nica:<\/label>\r\n\t<input type=\"email\" id=\"email\" name=\"EMAIL\" placeholder=\"El teu e-mail\" required>\r\n    <label>Nom<\/label>\r\n    <input type=\"text\" name=\"FNAME\" required placeholder=\"El teu nom\">\r\n    <label>Cognoms<\/label>\r\n    <input type=\"text\" name=\"LNAME\" placeholder=\"Els teus cognoms\" required>\r\n<\/p>\r\n<p>\r\n  <input type=\"submit\" value=\"Subscriu-t'hi!\">\r\n<\/p>\r\n\r\n<\/div><label style=\"display: none !important;\">Leave this field empty if you're human: <input type=\"text\" name=\"_mc4wp_honeypot\" value=\"\" tabindex=\"-1\" autocomplete=\"off\" \/><\/label><input type=\"hidden\" name=\"_mc4wp_timestamp\" value=\"1775299271\" \/><input type=\"hidden\" name=\"_mc4wp_form_id\" value=\"516\" \/><input type=\"hidden\" name=\"_mc4wp_form_element_id\" value=\"mc4wp-form-1\" \/><div class=\"mc4wp-response\"><\/div><\/form><!-- \/ Mailchimp for WordPress Plugin -->\n\n\n\n<p><\/p>\n","protected":false},"excerpt":{"rendered":"","protected":false},"author":1,"featured_media":0,"parent":0,"menu_order":0,"comment_status":"closed","ping_status":"closed","template":"","meta":{"footnotes":""},"class_list":["post-491","page","type-page","status-publish","hentry"],"_links":{"self":[{"href":"https:\/\/evadelasal.cat\/index.php\/wp-json\/wp\/v2\/pages\/491","targetHints":{"allow":["GET"]}}],"collection":[{"href":"https:\/\/evadelasal.cat\/index.php\/wp-json\/wp\/v2\/pages"}],"about":[{"href":"https:\/\/evadelasal.cat\/index.php\/wp-json\/wp\/v2\/types\/page"}],"author":[{"embeddable":true,"href":"https:\/\/evadelasal.cat\/index.php\/wp-json\/wp\/v2\/users\/1"}],"replies":[{"embeddable":true,"href":"https:\/\/evadelasal.cat\/index.php\/wp-json\/wp\/v2\/comments?post=491"}],"version-history":[{"count":0,"href":"https:\/\/evadelasal.cat\/index.php\/wp-json\/wp\/v2\/pages\/491\/revisions"}],"wp:attachment":[{"href":"https:\/\/evadelasal.cat\/index.php\/wp-json\/wp\/v2\/media?parent=491"}],"curies":[{"name":"wp","href":"https:\/\/api.w.org\/{rel}","templated":true}]}}